{"id":211,"date":"2021-08-26T17:32:05","date_gmt":"2021-08-26T15:32:05","guid":{"rendered":"http:\/\/lesgitesdelachouetteblanche.fr\/?page_id=211"},"modified":"2024-05-10T19:30:35","modified_gmt":"2024-05-10T17:30:35","slug":"contact","status":"publish","type":"page","link":"https:\/\/lesgitesdelachouetteblanche.fr\/?page_id=211","title":{"rendered":"Contact"},"content":{"rendered":"\t\t<div data-elementor-type=\"wp-page\" data-elementor-id=\"211\" class=\"elementor elementor-211\">\n\t\t\t\t\t\t<section class=\"elementor-section elementor-top-section elementor-element elementor-element-9413061 elementor-section-boxed elementor-section-height-default elementor-section-height-default\" data-id=\"9413061\" data-element_type=\"section\" data-e-type=\"section\">\n\t\t\t\t\t\t<div class=\"elementor-container elementor-column-gap-default\">\n\t\t\t\t\t<div class=\"elementor-column elementor-col-100 elementor-top-column elementor-element elementor-element-4bbcad1\" data-id=\"4bbcad1\" data-element_type=\"column\" data-e-type=\"column\">\n\t\t\t<div class=\"elementor-widget-wrap elementor-element-populated\">\n\t\t\t\t\t\t<div class=\"elementor-element elementor-element-bbce299 elementor-widget elementor-widget-heading\" data-id=\"bbce299\" data-element_type=\"widget\" data-e-type=\"widget\" data-widget_type=\"heading.default\">\n\t\t\t\t<div class=\"elementor-widget-container\">\n\t\t\t\t\t<h2 class=\"elementor-heading-title elementor-size-default\">Contact<\/h2>\t\t\t\t<\/div>\n\t\t\t\t<\/div>\n\t\t\t\t\t<\/div>\n\t\t<\/div>\n\t\t\t\t\t<\/div>\n\t\t<\/section>\n\t\t\t\t<section class=\"elementor-section elementor-top-section elementor-element elementor-element-9ec5bdc elementor-section-stretched elementor-section-boxed elementor-section-height-default elementor-section-height-default\" data-id=\"9ec5bdc\" data-element_type=\"section\" data-e-type=\"section\" data-settings=\"{&quot;stretch_section&quot;:&quot;section-stretched&quot;}\">\n\t\t\t\t\t\t<div class=\"elementor-container elementor-column-gap-default\">\n\t\t\t\t\t<div class=\"elementor-column elementor-col-50 elementor-top-column elementor-element elementor-element-1fc35ef\" data-id=\"1fc35ef\" data-element_type=\"column\" data-e-type=\"column\">\n\t\t\t<div class=\"elementor-widget-wrap elementor-element-populated\">\n\t\t\t\t\t\t<div class=\"elementor-element elementor-element-86e03e9 elementor-widget elementor-widget-text-editor\" data-id=\"86e03e9\" data-element_type=\"widget\" data-e-type=\"widget\" data-widget_type=\"text-editor.default\">\n\t\t\t\t<div class=\"elementor-widget-container\">\n\t\t\t\t\t\t\t\t\t<h4 style=\"text-align: center;\"><span style=\"color: #000000;\">Informations<\/span><\/h4><p><span style=\"color: #000000;\"><strong>Adresse :<\/strong> Egoulant, 79300 Bressuire<\/span><\/p><p><span style=\"color: #000000;\"><strong>T\u00e9l\u00e9phone :<\/strong> 06 82 75 87 13<\/span><\/p><p><span style=\"color: #000000;\"><strong>Mail :<\/strong> kpcaction@hotmail.com<\/span><\/p>\t\t\t\t\t\t\t\t<\/div>\n\t\t\t\t<\/div>\n\t\t\t\t<div class=\"elementor-element elementor-element-061a5b4 elementor-widget elementor-widget-google_maps\" data-id=\"061a5b4\" data-element_type=\"widget\" data-e-type=\"widget\" data-widget_type=\"google_maps.default\">\n\t\t\t\t<div class=\"elementor-widget-container\">\n\t\t\t\t\t\t\t<div class=\"elementor-custom-embed\">\n\t\t\t<iframe loading=\"lazy\"\n\t\t\t\t\tsrc=\"https:\/\/maps.google.com\/maps?q=Gites%20de%20la%20chouette%20blanche&#038;t=m&#038;z=11&#038;output=embed&#038;iwloc=near\"\n\t\t\t\t\ttitle=\"Gites de la chouette blanche\"\n\t\t\t\t\taria-label=\"Gites de la chouette blanche\"\n\t\t\t><\/iframe>\n\t\t<\/div>\n\t\t\t\t\t\t<\/div>\n\t\t\t\t<\/div>\n\t\t\t\t\t<\/div>\n\t\t<\/div>\n\t\t\t\t<div class=\"elementor-column elementor-col-50 elementor-top-column elementor-element elementor-element-60152a7\" data-id=\"60152a7\" data-element_type=\"column\" data-e-type=\"column\">\n\t\t\t<div class=\"elementor-widget-wrap elementor-element-populated\">\n\t\t\t\t\t\t<div class=\"elementor-element elementor-element-99a3722 elementor-widget elementor-widget-formidable\" data-id=\"99a3722\" data-element_type=\"widget\" data-e-type=\"widget\" data-widget_type=\"formidable.default\">\n\t\t\t\t<div class=\"elementor-widget-container\">\n\t\t\t\t\t<div class=\"frm_forms  with_frm_style frm_style_style-formidable\" id=\"frm_form_2_container\" data-token=\"8bcfb14ca1caafb21262f99c20c3eb76\">\n<form enctype=\"multipart\/form-data\" method=\"post\" class=\"frm-show-form \" id=\"form_contact\" data-token=\"8bcfb14ca1caafb21262f99c20c3eb76\">\n<div class=\"frm_form_fields \">\n<fieldset>\n<legend class=\"frm_screen_reader\">Contact<\/legend>\r\n\r\n<div class=\"frm_fields_container\">\n<input type=\"hidden\" name=\"frm_action\" value=\"create\" \/>\n<input type=\"hidden\" name=\"form_id\" value=\"2\" \/>\n<input type=\"hidden\" name=\"frm_hide_fields_2\" id=\"frm_hide_fields_2\" value=\"\" \/>\n<input type=\"hidden\" name=\"form_key\" value=\"contact\" \/>\n<input type=\"hidden\" name=\"item_meta[0]\" value=\"\" \/>\n<input type=\"hidden\" id=\"frm_submit_entry_2\" name=\"frm_submit_entry_2\" value=\"30a62461ee\" \/><input type=\"hidden\" name=\"_wp_http_referer\" value=\"\/index.php?rest_route=%2Fwp%2Fv2%2Fpages%2F211\" \/><div id=\"frm_field_7_container\" class=\"frm_form_field form-field  frm_required_field frm_top_container frm12 frm_first\">\r\n    <div  id=\"field_58a8x_label\" class=\"frm_primary_label\">Nom - Pr\u00e9nom\r\n        <span class=\"frm_required\" aria-hidden=\"true\">*<\/span>\r\n    <\/div>\r\n    <fieldset aria-labelledby=\"field_58a8x_label\">\n\t<legend class=\"frm_screen_reader frm_hidden\">\n\t\tNom - Pr\u00e9nom\t<\/legend>\n\n\t<div  class=\"frm_combo_inputs_container\" id=\"frm_combo_inputs_container_7\" data-name-layout=\"first_last\">\n\t\t\t\t\t<div\n\t\t\t\tid=\"frm_field_7-first_container\"\n\t\t\t\tclass=\"frm_form_field form-field frm_form_subfield-first  frm6\"\n\t\t\t\tdata-sub-field-name=\"first\"\n\t\t\t>\n\t\t\t\t<label for=\"field_58a8x_first\" class=\"frm_screen_reader frm_hidden\">\n\t\t\t\t\tNom - Pr\u00e9nom\t\t\t\t<\/label>\n\n\t\t\t\t<input  type=\"text\" id=\"field_58a8x_first\" value=\"\" name=\"item_meta[7][first]\" autocomplete=\"given-name\" placeholder=\"Nom\" data-reqmsg=\"Nom - Pr\u00e9nom ne peut pas \u00eatre vide.\" aria-required=\"true\" data-invmsg=\"Nom - Pr\u00e9nom est non valide\" aria-invalid=\"false\"  \/>\t\t\t<\/div>\n\t\t\t\t\t\t<div\n\t\t\t\tid=\"frm_field_7-last_container\"\n\t\t\t\tclass=\"frm_form_field form-field frm_form_subfield-last  frm6\"\n\t\t\t\tdata-sub-field-name=\"last\"\n\t\t\t>\n\t\t\t\t<label for=\"field_58a8x_last\" class=\"frm_screen_reader frm_hidden\">\n\t\t\t\t\tNom - Pr\u00e9nom\t\t\t\t<\/label>\n\n\t\t\t\t<input  type=\"text\" id=\"field_58a8x_last\" value=\"\" name=\"item_meta[7][last]\" autocomplete=\"family-name\" placeholder=\"Pr\u00e9nom\" data-reqmsg=\"Nom - Pr\u00e9nom ne peut pas \u00eatre vide.\" aria-required=\"true\" data-invmsg=\"Nom - Pr\u00e9nom est non valide\" aria-invalid=\"false\"  \/>\t\t\t<\/div>\n\t\t\t\t<\/div>\n<\/fieldset>\n\r\n    \r\n    \r\n<\/div>\n<div id=\"frm_field_8_container\" class=\"frm_form_field form-field  frm_required_field frm_top_container\">\r\n    <label for=\"field_6xpe3\" id=\"field_6xpe3_label\" class=\"frm_primary_label\">Email\r\n        <span class=\"frm_required\" aria-hidden=\"true\">*<\/span>\r\n    <\/label>\r\n    <input type=\"email\" id=\"field_6xpe3\" name=\"item_meta[8]\" value=\"\"  placeholder=\"Email\" data-reqmsg=\"Email ne peut pas \u00eatre vide.\" aria-required=\"true\" data-invmsg=\"Email est non valide\" aria-invalid=\"false\"  \/>\r\n    \r\n    \r\n<\/div>\n<div id=\"frm_field_9_container\" class=\"frm_form_field form-field  frm_top_container\">\r\n    <label for=\"field_uafsv\" id=\"field_uafsv_label\" class=\"frm_primary_label\">T\u00e9l\u00e9phone\r\n        <span class=\"frm_required\" aria-hidden=\"true\"><\/span>\r\n    <\/label>\r\n    <input type=\"tel\" id=\"field_uafsv\" name=\"item_meta[9]\" value=\"\"  placeholder=\"T\u00e9l\u00e9phone\" data-invmsg=\"T\u00e9l\u00e9phone est non valide\" aria-invalid=\"false\" pattern=\"((\\+\\d{1,3}(-|.| )?\\(?\\d\\)?(-| |.)?\\d{1,5})|(\\(?\\d{2,6}\\)?))(-|.| )?(\\d{3,4})(-|.| )?(\\d{4})(( x| ext)\\d{1,5}){0,1}$\"  \/>\r\n    \r\n    \r\n<\/div>\n<div id=\"frm_field_11_container\" class=\"frm_form_field form-field  frm_required_field frm_top_container\">\r\n    <label for=\"field_195xp\" id=\"field_195xp_label\" class=\"frm_primary_label\">Votre message\r\n        <span class=\"frm_required\" aria-hidden=\"true\">*<\/span>\r\n    <\/label>\r\n    <textarea name=\"item_meta[11]\" id=\"field_195xp\" rows=\"5\"  placeholder=\"Votre message\" data-reqmsg=\"Votre message ne peut pas \u00eatre vide.\" aria-required=\"true\" data-invmsg=\"Votre message est non valide\" aria-invalid=\"false\"  ><\/textarea>\r\n    \r\n    \r\n<\/div>\n\t<input type=\"hidden\" name=\"item_key\" value=\"\" \/>\n\t\t\t<div id=\"frm_field_21_container\">\n\t\t\t<label for=\"field_nk5d2\" >\n\t\t\t\tSi vous \u00eates un humain, ne remplissez pas ce champ.\t\t\t<\/label>\n\t\t\t<input  id=\"field_nk5d2\" type=\"text\" class=\"frm_form_field form-field frm_verify\" name=\"item_meta[21]\" value=\"\"  \/>\n\t\t<\/div>\n\t\t<input name=\"frm_state\" type=\"hidden\" value=\"gOLwSuV86\/OXY+ifAHrcy+ktL78PwImD2jXiQt4Q2y8=\" \/><div class=\"frm_submit\">\r\n\r\n<button class=\"frm_button_submit\" type=\"submit\"  >Envoyer<\/button>\r\n\r\n<\/div><\/div>\n<\/fieldset>\n<\/div>\n\n<\/form>\n<\/div>\n\t\t\t\t<\/div>\n\t\t\t\t<\/div>\n\t\t\t\t\t<\/div>\n\t\t<\/div>\n\t\t\t\t\t<\/div>\n\t\t<\/section>\n\t\t\t\t<section class=\"elementor-section elementor-top-section elementor-element elementor-element-b97df7d elementor-section-boxed elementor-section-height-default elementor-section-height-default\" data-id=\"b97df7d\" data-element_type=\"section\" data-e-type=\"section\">\n\t\t\t\t\t\t<div class=\"elementor-container elementor-column-gap-default\">\n\t\t\t\t\t<div class=\"elementor-column elementor-col-100 elementor-top-column elementor-element elementor-element-286b686\" data-id=\"286b686\" data-element_type=\"column\" data-e-type=\"column\">\n\t\t\t<div class=\"elementor-widget-wrap\">\n\t\t\t\t\t\t\t<\/div>\n\t\t<\/div>\n\t\t\t\t\t<\/div>\n\t\t<\/section>\n\t\t\t\t<\/div>\n\t\t","protected":false},"excerpt":{"rendered":"<p>Contact Informations Adresse : Egoulant, 79300 Bressuire T\u00e9l\u00e9phone : 06 82 75 87 13 Mail : kpcaction@hotmail.com Contact Nom &#8211; Pr\u00e9nom * Nom &#8211; Pr\u00e9nom Nom &#8211; Pr\u00e9nom Nom &#8211; Pr\u00e9nom Email * T\u00e9l\u00e9phone Votre message * Si vous \u00eates un humain, ne remplissez pas ce champ. Envoyer<\/p>\n","protected":false},"author":1,"featured_media":0,"parent":0,"menu_order":0,"comment_status":"closed","ping_status":"closed","template":"","meta":{"_monsterinsights_skip_tracking":false,"_monsterinsights_sitenote_active":false,"_monsterinsights_sitenote_note":"","_monsterinsights_sitenote_category":0,"footnotes":""},"class_list":["post-211","page","type-page","status-publish","hentry"],"yoast_head":"<!-- This site is optimized with the Yoast SEO plugin v27.4 - https:\/\/yoast.com\/product\/yoast-seo-wordpress\/ -->\n<title>Contact - Les G\u00eetes de la Chouette Blanche<\/title>\n<meta name=\"description\" content=\"N&#039;h\u00e9sitez pas \u00e0 prendre contact avec nous pour plus d&#039;informations, nous serons ravis de pouvoir vous renseigner.\" \/>\n<meta name=\"robots\" content=\"index, follow, max-snippet:-1, max-image-preview:large, max-video-preview:-1\" \/>\n<link rel=\"canonical\" href=\"https:\/\/lesgitesdelachouetteblanche.fr\/?page_id=211\" \/>\n<meta property=\"og:locale\" content=\"fr_FR\" \/>\n<meta property=\"og:type\" content=\"article\" \/>\n<meta property=\"og:title\" content=\"Contact - Les G\u00eetes de la Chouette Blanche\" \/>\n<meta property=\"og:description\" content=\"N&#039;h\u00e9sitez pas \u00e0 prendre contact avec nous pour plus d&#039;informations, nous serons ravis de pouvoir vous renseigner.\" \/>\n<meta property=\"og:url\" content=\"https:\/\/lesgitesdelachouetteblanche.fr\/?page_id=211\" \/>\n<meta property=\"og:site_name\" content=\"Les G\u00eetes de la Chouette Blanche\" \/>\n<meta property=\"article:publisher\" content=\"https:\/\/www.facebook.com\/legitedelachouetteblanche\" \/>\n<meta property=\"article:modified_time\" content=\"2024-05-10T17:30:35+00:00\" \/>\n<meta name=\"twitter:card\" content=\"summary_large_image\" \/>\n<meta name=\"twitter:label1\" content=\"Dur\u00e9e de lecture estim\u00e9e\" \/>\n\t<meta name=\"twitter:data1\" content=\"1 minute\" \/>\n<script type=\"application\/ld+json\" class=\"yoast-schema-graph\">{\"@context\":\"https:\\\/\\\/schema.org\",\"@graph\":[{\"@type\":\"WebPage\",\"@id\":\"https:\\\/\\\/lesgitesdelachouetteblanche.fr\\\/?page_id=211\",\"url\":\"https:\\\/\\\/lesgitesdelachouetteblanche.fr\\\/?page_id=211\",\"name\":\"Contact - Les G\u00eetes de la Chouette Blanche\",\"isPartOf\":{\"@id\":\"https:\\\/\\\/lesgitesdelachouetteblanche.fr\\\/#website\"},\"datePublished\":\"2021-08-26T15:32:05+00:00\",\"dateModified\":\"2024-05-10T17:30:35+00:00\",\"description\":\"N'h\u00e9sitez pas \u00e0 prendre contact avec nous pour plus d'informations, nous serons ravis de pouvoir vous renseigner.\",\"breadcrumb\":{\"@id\":\"https:\\\/\\\/lesgitesdelachouetteblanche.fr\\\/?page_id=211#breadcrumb\"},\"inLanguage\":\"fr-FR\",\"potentialAction\":[{\"@type\":\"ReadAction\",\"target\":[\"https:\\\/\\\/lesgitesdelachouetteblanche.fr\\\/?page_id=211\"]}]},{\"@type\":\"BreadcrumbList\",\"@id\":\"https:\\\/\\\/lesgitesdelachouetteblanche.fr\\\/?page_id=211#breadcrumb\",\"itemListElement\":[{\"@type\":\"ListItem\",\"position\":1,\"name\":\"Accueil\",\"item\":\"https:\\\/\\\/lesgitesdelachouetteblanche.fr\\\/\"},{\"@type\":\"ListItem\",\"position\":2,\"name\":\"Contact\"}]},{\"@type\":\"WebSite\",\"@id\":\"https:\\\/\\\/lesgitesdelachouetteblanche.fr\\\/#website\",\"url\":\"https:\\\/\\\/lesgitesdelachouetteblanche.fr\\\/\",\"name\":\"Les G\u00eetes de la Chouette Blanche\",\"description\":\"\",\"publisher\":{\"@id\":\"https:\\\/\\\/lesgitesdelachouetteblanche.fr\\\/#organization\"},\"potentialAction\":[{\"@type\":\"SearchAction\",\"target\":{\"@type\":\"EntryPoint\",\"urlTemplate\":\"https:\\\/\\\/lesgitesdelachouetteblanche.fr\\\/?s={search_term_string}\"},\"query-input\":{\"@type\":\"PropertyValueSpecification\",\"valueRequired\":true,\"valueName\":\"search_term_string\"}}],\"inLanguage\":\"fr-FR\"},{\"@type\":\"Organization\",\"@id\":\"https:\\\/\\\/lesgitesdelachouetteblanche.fr\\\/#organization\",\"name\":\"Les G\u00eetes de la Chouette Blanche\",\"url\":\"https:\\\/\\\/lesgitesdelachouetteblanche.fr\\\/\",\"logo\":{\"@type\":\"ImageObject\",\"inLanguage\":\"fr-FR\",\"@id\":\"https:\\\/\\\/lesgitesdelachouetteblanche.fr\\\/#\\\/schema\\\/logo\\\/image\\\/\",\"url\":\"http:\\\/\\\/lesgitesdelachouetteblanche.fr\\\/wp-content\\\/uploads\\\/2021\\\/07\\\/cropped-cropped-cropped-Logo-LGDLCB_2-1.png\",\"contentUrl\":\"http:\\\/\\\/lesgitesdelachouetteblanche.fr\\\/wp-content\\\/uploads\\\/2021\\\/07\\\/cropped-cropped-cropped-Logo-LGDLCB_2-1.png\",\"width\":512,\"height\":512,\"caption\":\"Les G\u00eetes de la Chouette Blanche\"},\"image\":{\"@id\":\"https:\\\/\\\/lesgitesdelachouetteblanche.fr\\\/#\\\/schema\\\/logo\\\/image\\\/\"},\"sameAs\":[\"https:\\\/\\\/www.facebook.com\\\/legitedelachouetteblanche\",\"https:\\\/\\\/www.instagram.com\\\/gitesdelachouetteblanche\\\/\"]}]}<\/script>\n<!-- \/ Yoast SEO plugin. -->","yoast_head_json":{"title":"Contact - Les G\u00eetes de la Chouette Blanche","description":"N'h\u00e9sitez pas \u00e0 prendre contact avec nous pour plus d'informations, nous serons ravis de pouvoir vous renseigner.","robots":{"index":"index","follow":"follow","max-snippet":"max-snippet:-1","max-image-preview":"max-image-preview:large","max-video-preview":"max-video-preview:-1"},"canonical":"https:\/\/lesgitesdelachouetteblanche.fr\/?page_id=211","og_locale":"fr_FR","og_type":"article","og_title":"Contact - Les G\u00eetes de la Chouette Blanche","og_description":"N'h\u00e9sitez pas \u00e0 prendre contact avec nous pour plus d'informations, nous serons ravis de pouvoir vous renseigner.","og_url":"https:\/\/lesgitesdelachouetteblanche.fr\/?page_id=211","og_site_name":"Les G\u00eetes de la Chouette Blanche","article_publisher":"https:\/\/www.facebook.com\/legitedelachouetteblanche","article_modified_time":"2024-05-10T17:30:35+00:00","twitter_card":"summary_large_image","twitter_misc":{"Dur\u00e9e de lecture estim\u00e9e":"1 minute"},"schema":{"@context":"https:\/\/schema.org","@graph":[{"@type":"WebPage","@id":"https:\/\/lesgitesdelachouetteblanche.fr\/?page_id=211","url":"https:\/\/lesgitesdelachouetteblanche.fr\/?page_id=211","name":"Contact - Les G\u00eetes de la Chouette Blanche","isPartOf":{"@id":"https:\/\/lesgitesdelachouetteblanche.fr\/#website"},"datePublished":"2021-08-26T15:32:05+00:00","dateModified":"2024-05-10T17:30:35+00:00","description":"N'h\u00e9sitez pas \u00e0 prendre contact avec nous pour plus d'informations, nous serons ravis de pouvoir vous renseigner.","breadcrumb":{"@id":"https:\/\/lesgitesdelachouetteblanche.fr\/?page_id=211#breadcrumb"},"inLanguage":"fr-FR","potentialAction":[{"@type":"ReadAction","target":["https:\/\/lesgitesdelachouetteblanche.fr\/?page_id=211"]}]},{"@type":"BreadcrumbList","@id":"https:\/\/lesgitesdelachouetteblanche.fr\/?page_id=211#breadcrumb","itemListElement":[{"@type":"ListItem","position":1,"name":"Accueil","item":"https:\/\/lesgitesdelachouetteblanche.fr\/"},{"@type":"ListItem","position":2,"name":"Contact"}]},{"@type":"WebSite","@id":"https:\/\/lesgitesdelachouetteblanche.fr\/#website","url":"https:\/\/lesgitesdelachouetteblanche.fr\/","name":"Les G\u00eetes de la Chouette Blanche","description":"","publisher":{"@id":"https:\/\/lesgitesdelachouetteblanche.fr\/#organization"},"potentialAction":[{"@type":"SearchAction","target":{"@type":"EntryPoint","urlTemplate":"https:\/\/lesgitesdelachouetteblanche.fr\/?s={search_term_string}"},"query-input":{"@type":"PropertyValueSpecification","valueRequired":true,"valueName":"search_term_string"}}],"inLanguage":"fr-FR"},{"@type":"Organization","@id":"https:\/\/lesgitesdelachouetteblanche.fr\/#organization","name":"Les G\u00eetes de la Chouette Blanche","url":"https:\/\/lesgitesdelachouetteblanche.fr\/","logo":{"@type":"ImageObject","inLanguage":"fr-FR","@id":"https:\/\/lesgitesdelachouetteblanche.fr\/#\/schema\/logo\/image\/","url":"http:\/\/lesgitesdelachouetteblanche.fr\/wp-content\/uploads\/2021\/07\/cropped-cropped-cropped-Logo-LGDLCB_2-1.png","contentUrl":"http:\/\/lesgitesdelachouetteblanche.fr\/wp-content\/uploads\/2021\/07\/cropped-cropped-cropped-Logo-LGDLCB_2-1.png","width":512,"height":512,"caption":"Les G\u00eetes de la Chouette Blanche"},"image":{"@id":"https:\/\/lesgitesdelachouetteblanche.fr\/#\/schema\/logo\/image\/"},"sameAs":["https:\/\/www.facebook.com\/legitedelachouetteblanche","https:\/\/www.instagram.com\/gitesdelachouetteblanche\/"]}]}},"_links":{"self":[{"href":"https:\/\/lesgitesdelachouetteblanche.fr\/index.php?rest_route=\/wp\/v2\/pages\/211","targetHints":{"allow":["GET"]}}],"collection":[{"href":"https:\/\/lesgitesdelachouetteblanche.fr\/index.php?rest_route=\/wp\/v2\/pages"}],"about":[{"href":"https:\/\/lesgitesdelachouetteblanche.fr\/index.php?rest_route=\/wp\/v2\/types\/page"}],"author":[{"embeddable":true,"href":"https:\/\/lesgitesdelachouetteblanche.fr\/index.php?rest_route=\/wp\/v2\/users\/1"}],"replies":[{"embeddable":true,"href":"https:\/\/lesgitesdelachouetteblanche.fr\/index.php?rest_route=%2Fwp%2Fv2%2Fcomments&post=211"}],"version-history":[{"count":44,"href":"https:\/\/lesgitesdelachouetteblanche.fr\/index.php?rest_route=\/wp\/v2\/pages\/211\/revisions"}],"predecessor-version":[{"id":2410,"href":"https:\/\/lesgitesdelachouetteblanche.fr\/index.php?rest_route=\/wp\/v2\/pages\/211\/revisions\/2410"}],"wp:attachment":[{"href":"https:\/\/lesgitesdelachouetteblanche.fr\/index.php?rest_route=%2Fwp%2Fv2%2Fmedia&parent=211"}],"curies":[{"name":"wp","href":"https:\/\/api.w.org\/{rel}","templated":true}]}}